(3).
-49
Let z be 3 + (52 - 2 - 5). Suppose z*d + 5 = 49*d. Let k(y) = -3*y - y**2 - 2 - 3 + 2*y**2. Give k(d).
5
Let r be 1 + (0 + 1 + -10 - -2). Let b be (-5*r/(-9))/(4/(-6)). Let s(l) = -2*l + 2. Determine s(b).
-8
Let s(b) be the first derivative of -7*b**3/6 + 3*b**2/2 - 56*b + 59. Let i(z) be the first derivative of s(z). What is i(2)?
-11
Suppose -6 = -5*x + 4. Let s(u) = -u - u**x + 2*u**2 - 4 + 6. Suppose -5*k = -k. Give s(k).
2
Let k(i) be the third derivative of i**4/24 - 4*i**3 - 273*i**2. Give k(19).
-5
Let s(b) = 2*b**2 + b - 1. Let y = -16 + 14. Let k be s(y). Let m(i) be the second derivative of -i**4/12 + 2*i**3/3 + i**2 - i. Give m(k).
-3
Let b = -64 + 48. Let n(s) = s + 12. Let j be n(b). Let c(t) = -14*t**2 - 6*t + 1. Let z(v) = -5*v**2 - 2*v. Let d(l) = 4*c(l) - 11*z(l). Determine d(j).
-4
Let t(p) = 2*p - 1. Let a = 1 + 37. Let v = a - 34. Calculate t(v).
7
Let a(u) = u. Let i be (-67)/(-13) - (-22)/(-143). Suppose -34 = -i*j - 4. What is a(j)?
6
Let l(v) = 2*v**3 + 27*v - 7. Let a(q) = 6*q**3 + 76*q - 20. Let h(o) = 6*a(o) - 17*l(o). Determine h(-2).
-11
Let q(j) = 5*j + 1. Let f(d) = d**2 - 4*d + 4. Let p(r) = -4*r + 59. Let u be p(14). Let w be f(u). Give q(w).
6
Let b(j) = 6*j - 2. Suppose 0 = -7*y + 14 - 21. Give b(y).
-8
Let p(l) = l**3 - 2*l**2 + 5*l - 5. Suppose 5*v - 5*d - 35 = 0, v + 2*d + 0*d = -8. Let x be p(v). Let c(t) = 0*t - t**3 + 5*t**2 - 3*t + 5*t - 5. Give c(x).
5
Let f(p) = -4*p + 1. Let a(t) = 11*t - 2. Let b(l) = -6*a(l) - 17*f(l). Determine b(4).
3
Let c(x) = x**2 + x + 3. Let h be (-225)/20 + 1/4. Let v(t) = t**2 + 10*t + 12. Let z be v(h). Let n = 23 - z. Calculate c(n).
3
Let o(d) = d - 2. Let f be o(17). Suppose 0 = -12*k + f*k - 18. Let n(w) = w**3 - 5*w**2 - 5*w + 1. Determine n(k).
7
Let h(c) = -20*c**2 + 12*c - 4. Let a(i) = -7*i**2 + 5*i - 1. Let m(t) = 17*a(t) - 6*h(t). Give m(-9).
-29
Let o(u) be the second derivative of u**4/12 - u**3 + 4*u**2 - 8*u - 2. What is o(7)?
15
Let a(u) = u**2 + 7*u - 6. Let j(r) = -r**3 + 38*r**2 + 44*r - 204. Let o be j(39). Calculate a(o).
12
Let t(w) = 11 - 4*w**3 - 9*w**2 - 7*w**3 + 12*w**3 - 4*w. Calculate t(9).
-25
Let c(l) = l + 4. Let s be 0 + (-6)/3 + 29. Let i = s - 83. Let a be i/20 - (-1)/(-5). Determine c(a).
1
Suppose 3*c - 4 = 5. Let n = -4 + 24. Let y(g) = -8 - g**2 + n - 8. Determine y(c).
-5
Let w(v) = 3*v**3 + 23*v**2 + 16*v + 25. Let i be w(-7). Let d(s) = s**2 - 9*s - 19. Calculate d(i).
3
Let c(o) = 6*o**2 + 8*o**2 - 16*o + o**3 + 21 - 39. Let w be c(-15). Let d(h) = -h**3 - 3*h**2 - 2*h + 1. Give d(w).
7
Let j(q) be the third derivative of -q**6/120 + q**5/12 - q**4/24 - q**3/6 - 2*q**2. Let c(p) = p**3 + 6*p**2 - 27*p + 5. Let x be c(-9). Determine j(x).
-6
Let c(y) = -2*y - 12. Let v(z) = -4*z - 21. Let i(q) = -5*c(q) + 3*v(q). What is i(-3)?
3
Let k(j) = 12*j - 1. Let b(p) = 23*p - 3. Let n be -5 + 5 + 10/2. Let u(l) = n*k(l) - 2*b(l). Give u(-1).
-13
Let l(a) = -a - 1. Let c = 2 - 3. Let y(f) = -8*f - 6. Let b(s) = c*y(s) + 6*l(s). Suppose 26*w - 16 + 42 = 0. Calculate b(w).
-2
Let s(d) be the second derivative of d**3/2 - d**2/2 + 5*d - 10. Determine s(4).
11
Let l = -15 + 23. Suppose -5*j + 6*a = 3*a + 17, 4*a = -j - l. Let f(p) = -5*p. Calculate f(j).
20
Let o(s) = s**3 - 15*s**2 + 7. Let l be o(15). Let a(w) = 0*w**3 + 0 + 2 - l - 5*w**2 - 5*w - w**3. Suppose -20 = 2*c + 3*c. What is a(c)?
-1
Let o(a) = -a**2 - 8*a + 27. Let i be o(-11). Let h(u) = 3*u + 27. Calculate h(i).
9
Let h(z) = -z**2 - 3*z. Let b(s) = s**3 + 6*s**2 + 7*s + 14. Let d be b(-5). What is h(d)?
-28
Let o(a) be the first derivative of -3*a**4/4 - a**3/3 + 3*a**2/2 + a + 1. Let p(f) = -f**2 + 3*f + 178. Let m be p(-12). Give o(m).
15
Let z(q) = -8*q + 3. Let x be 0 + (1/5 - 16/5). Let t be x/((-3)/5) + -3 + 0. Determine z(t).
-13
Let m(l) = 3*l**2 + l + l + 2 - 4*l**2. Suppose 2*o - 2 = 8. Let k = o - 2. Calculate m(k).
-1
Let o(m) = -m**3 - 7*m**2 - 3*m + 6. Suppose 2*v = 175 - 187. What is o(v)?
-12
Let v(b) = 11*b**3 + 2*b + 5. Let u(r) = -21 + 15 + 8 + r + 5*r**3. Suppose 5*x - 15 = 5*f, x + 19 + 14 = -5*f. Let p(y) = f*v(y) + 13*u(y). Give p(0).
-4
Let t(y) = -8*y + 1. Suppose 0 = -5*g + 2*h - 8, -2*g - 9 = -2*h - 7. What is t(g)?
17
Let s(j) = 3*j**3 + 18*j**2 - 17*j - 4. Let m(g) = g**3 + 6*g**2 - 6*g - 1. Let l(a) = -11*m(a) + 4*s(a). Let y(z) = 5*z + 84. Let f be y(-18). Calculate l(f).
7
Let y(h) = h - 4. Let s be 1/2*(44 - 22). Calculate y(s).
7
Let h(i) = -i**3 - 15*i**2 - 10*i + 57. Let s be h(-14). Let y(d) = -d. Let o(l) = -4*l**2 + 2*l. Let m(c) = -o(c) - 3*y(c). Calculate m(s).
5
Let f(u) = -u**3 - 5*u**2 - 4. Let k(m) = -m - 6*m + 15*m + 8 + 8*m. Let a be k(-2). Let y = a + 19. What is f(y)?
-4
Let f(j) = -32*j + 311. Let u be f(10). Let w(y) = -y**3 - 9*y**2 + y + 3. Give w(u).
-6
Suppose 3*o = -7 + 13. Let y(a) = 8*a + o*a + 1 - 3*a**2 - 6*a - 6*a. Calculate y(1).
-4
Let i = -1 + 4. Suppose 0 = m - 4*c + 2, 2*m - 1 = 3*c - 0*c. Let s(k) = -m + 4*k - k - 2*k - 3. Give s(i).
-2
Let y(o) = -4*o + 1. Let r(v) = 3*v - 2. Suppose -4*f - 18 - 4 = -g, 0 = 5*f + 4*g + 17. Let q(z) = f*r(z) - 4*y(z). Calculate q(6).
12
Let y = 507 + -507. Let i(g) = -g**3 + g**2 + g + 12. Determine i(y).
12
Suppose 18 = 29*i - 30*i + 3*f, 4*f - 12 = 0. Let v(j) = j**3 + 8*j**2 - 13*j - 13. What is v(i)?
23
Suppose 2*c = -8*m + 12*m + 34, -m = -3*c + 6. Let x(u) = 4*u + 29. Determine x(m).
-7
Let o(i) = i - 2. Let n(k) = 2*k**3 + 13*k**2 - 23*k + 7. Let r be n(-8). What is o(r)?
-3
Suppose 0 = 3*k - 5*m - 70, k = -k - 2*m + 36. Let w be -6 + 2 + 3/(6/k). Let h(c) = -c**3 + 5*c**2 + 7*c + 2. Give h(w).
8
Suppose -10*h = -4*h - 18. Let i(v) = -16*v + 4*v**h - 3 + 0 - 3*v**3 + 15*v. Determine i(0).
-3
Let x(p) = -p**2 - 8*p - 5. Suppose -4*r = -m - 8 + 2, 5*r + 5 = -5*m. Let u be r*(1 - (6 + 0)). What is x(u)?
10
Let t(n) = -3*n + 2. Suppose -w = 2, 28 - 130 = 4*l + 5*w. Let y = l - -21. Calculate t(y).
8
Suppose 3*g + 14 + 6 = -5*f, -2*f - 8 = -4*g. Let z(k) = -k**3 - 4*k**2 + k + 2. What is z(f)?
-2
Let g(k) = -k + 13. Suppose -5*m + 15 = -5*h + 10, 4*m = 5*h + 4. Determine g(h).
13
Let x(m) = -4 + 1 - m**2 + m**3 + 4. Let q be x(-1). Let r(o) = -15*o**2 + 59*o - 4. Let s(d) = 10*d**2 - 42*d + 3. Let z(b) = -5*r(b) - 7*s(b). What is z(q)?
5
Let c(j) = 6*j**2 - 19*j + 23. Let m(w) = -2*w**2 + 6*w - 7. Let z(h) = 6*c(h) + 19*m(h). Give z(3).
-13
Let z(a) = -5*a + 1. Let k = 107 + -109. Let t be (-24)/15 + k/5. Determine z(t).
11
Let u(s) be the first derivative of -s**6/360 + s**5/24 - s**4/6 - 11*s**3/3 + 11. Let y(p) be the third derivative of u(p). Calculate y(5).
-4
Let o = 35 - 22. Suppose -a = -2*a + o. Let y(b) = -a - 2 - 5*b + 1 + 4*b. What is y(-7)?
-7
Let w(k) = -k - 27. Let o(b) = b + 54. Let s(c) = -3*o(c) - 5*w(c). Give s(16).
5
Let p(u) = u**2 - 14*u + 8. Let c(z) = 11*z**2 - 3*z. Let a be c(-1). Give p(a).
8
Let q(n) = -3*n + 25*n - 19 - 7*n - 6*n. What is q(4)?
17
Let v(t) be the third derivative of t**5/120 - 5*t**4/8 - t**3/3 + 36*t**2. Let w(r) be the first derivative of v(r). Determine w(12).
-3
Let m(w) = -w**2 - 4*w + 5. Suppose k - 32 = -4*a + 8, -2*k - 8 = 0. Let v = 9 - a. Let p be (9 + -3)/(3/v). What is m(p)?
5
Let t(d) = 5*d + 20. Let b be t(-9). Let x = b + 30. Let y(h) = -h**3 + 5*h**2 + h + 3. Calculate y(x).
8
Let v(q) = -q**2 - 15*q - 20. Let r be 154/(-11) + 0/2. Let y be v(r). Let u(f) = -3*f + 25. Let h(i) = -4*i + 37. Let s(t) = -5*h(t) + 7*u(t). Determine s(y).
-4
Suppose 9*k - 5 = 4*k. Let h(p) = 2 + k + 3 - 6*p + p**2. Let f be h(5). Let n(z) = -7*z. Give n(f).
-7
Suppose -4*l = -5*l - 6. Suppose 0 = -6*u - 7*u + 52. Let q(o) = o + 0*o - 7*o - o**2 - 10 + u. What is q(l)?
-6
Let q(d) be the first derivative of -d**3/3 - d**2/2 - 9*d - 141. Determine q(0).
-9
Let u(l) = l - l**2 - 3 - 4*l + l. Let k = -455 + 453. What is u(k)?
-3
Let v be -7 + (-17)/((-34)/24). Let q(y) be the third derivative of y**5/60 - y**4/6 - 7*y**3/6 + y**2. Determine q(v).
-2
Let k be (0 - 3)*12/(-18). Suppose -2*z = 0, 3*z - 30 = -k*m + 7*m. Let q = m + 1. Let h(s) = -s**2 - 4*s + 1. Determine h(q).
-4
Let t(s) = s**3 - 2*s + 4*s + 0*s**2 - 3*s**2 - 3. Let h be -5 + 1 + 12/3. Suppose h*u = 6*u - 12. What is t(u)?
-3
Let v(l) = -l - 2 + 2. Let z(h) = 4*